{"id":7531,"date":"2018-06-11T13:46:31","date_gmt":"2018-06-11T11:46:31","guid":{"rendered":"http:\/\/localhost:8888\/sites\/mawazine\/?page_id=7531"},"modified":"2018-06-11T14:30:39","modified_gmt":"2018-06-11T12:30:39","slug":"lequipe-du-festival","status":"publish","type":"page","link":"https:\/\/mawazine.ma\/fr\/lequipe-du-festival\/","title":{"rendered":"L\u2019\u00e9quipe du festival"},"content":{"rendered":"<p><\/p>\n<div class=\"col-lg-9\">\n<div class=\"\">\n<h4>Nos \u00e9quipes<\/h4>\n<p>&nbsp;<\/p>\n<h5>ABDESLAM AHIZOUNE<\/h5>\n<p>Pr\u00e9sident de Maroc Cultures<\/p>\n<p>Pr\u00e9sident du Festival Mawazine Rythmes du Monde<\/p>\n<p>&nbsp;<\/p>\n<h5>AZIZ SEGHROUCHNI<\/h5>\n<p>Pr\u00e9sident D\u00e9l\u00e9gu\u00e9 de Maroc Cultures<\/p>\n<p>&nbsp;<\/p>\n<h4>Comit\u00e9 d\u2019organisation de Mawazine<\/h4>\n<p><b>HASSAN KHIYAR : <\/b>Relations publiques<\/p>\n<p><b>NAOUFAL KADMIRI : <\/b>Tr\u00e9sorier g\u00e9n\u00e9ral\u2028<\/p>\n<p><b>RITA LAICH : <\/b>Affaires g\u00e9n\u00e9rales\u2028<\/p>\n<p><b>SALOUA BELARBI : <\/b>D\u00e9veloppement\u2028<\/p>\n<p><b>MUSTAPHA HILAL : <\/b>Production et infrastructures<\/p>\n<p><b>MOHAMED ACHBAL\u00a0:<\/b> Relations avec les autorit\u00e9s<\/p>\n<p><b>JAMAL DERDARI\u00a0:<\/b> Coordination technique<\/p>\n<p><b>MOHCINE DAHMANI\u00a0: <\/b>Relations avec les autorit\u00e9s<\/p>\n<p><b>MOUNIA EL KHETTAR MOULINE : <\/b>Communication et presse<\/p>\n<p><b>KHALID SAADAOUI\u00a0:<\/b> Achats<\/p>\n<p><b>SOUAD REGRAGUI\u00a0:<\/b> Logistique<\/p>\n<p><b>SEDDIK RHERISSI\u00a0:<\/b> Contr\u00f4le d\u2019acc\u00e8s<\/p>\n<p><b>YOUNES DAHBI : <\/b>Comptabilit\u00e9\u2028<\/p>\n<p><b>AMINA ZIADI : <\/b>Assesseur<\/p>\n<p>&nbsp;<\/p>\n<h4>Comit\u00e9 artistique<\/h4>\n<p><b>AMINE SAMI : <\/b>Conseiller artistique, charg\u00e9 de la programmation marocaine, occidentale et africaine<\/p>\n<p><b>MAHMOUD LEMSEFFER : <\/b>Conseiller artistique, charg\u00e9 de la programmation orientale<\/p>\n<\/div>\n<\/div>\n<p><\/p>","protected":false},"excerpt":{"rendered":"<p>Nos \u00e9quipes &nbsp; ABDESLAM AHIZOUNE Pr\u00e9sident de Maroc Cultures Pr\u00e9sident du Festival Mawazine Rythmes du Monde &nbsp; AZIZ SEGHROUCHNI Pr\u00e9sident D\u00e9l\u00e9gu\u00e9 de Maroc Cultures &nbsp; Comit\u00e9 d\u2019organisation de Mawazine HASSAN KHIYAR : Relations publiques NAOUFAL KADMIRI : Tr\u00e9sorier g\u00e9n\u00e9ral\u2028 RITA LAICH : Affaires g\u00e9n\u00e9rales\u2028 SALOUA BELARBI : D\u00e9veloppement\u2028 MUSTAPHA HILAL : Production et infrastructures MOHAMED [&hellip;]<\/p>\n","protected":false},"author":1,"featured_media":0,"parent":0,"menu_order":0,"comment_status":"closed","ping_status":"closed","template":"","meta":{"_acf_changed":false,"footnotes":""},"class_list":["post-7531","page","type-page","status-publish","hentry"],"acf":[],"_links":{"self":[{"href":"https:\/\/mawazine.ma\/fr\/wp-json\/wp\/v2\/pages\/7531","targetHints":{"allow":["GET"]}}],"collection":[{"href":"https:\/\/mawazine.ma\/fr\/wp-json\/wp\/v2\/pages"}],"about":[{"href":"https:\/\/mawazine.ma\/fr\/wp-json\/wp\/v2\/types\/page"}],"author":[{"embeddable":true,"href":"https:\/\/mawazine.ma\/fr\/wp-json\/wp\/v2\/users\/1"}],"replies":[{"embeddable":true,"href":"https:\/\/mawazine.ma\/fr\/wp-json\/wp\/v2\/comments?post=7531"}],"version-history":[{"count":2,"href":"https:\/\/mawazine.ma\/fr\/wp-json\/wp\/v2\/pages\/7531\/revisions"}],"predecessor-version":[{"id":7534,"href":"https:\/\/mawazine.ma\/fr\/wp-json\/wp\/v2\/pages\/7531\/revisions\/7534"}],"wp:attachment":[{"href":"https:\/\/mawazine.ma\/fr\/wp-json\/wp\/v2\/media?parent=7531"}],"curies":[{"name":"wp","href":"https:\/\/api.w.org\/{rel}","templated":true}]}}

L’équipe du festival

<p></p>
<div class="col-lg-9">
<div class="">
<h4>Nos équipes</h4>
<p>&nbsp;</p>
<h5>ABDESLAM AHIZOUNE</h5>
<p>Président de Maroc Cultures</p>
<p>Président du Festival Mawazine Rythmes du Monde</p>
<p>&nbsp;</p>
<h5>AZIZ SEGHROUCHNI</h5>
<p>Président Délégué de Maroc Cultures</p>
<p>&nbsp;</p>
<h4>Comité d’organisation de Mawazine</h4>
<p><b>HASSAN KHIYAR : </b>Relations publiques</p>
<p><b>NAOUFAL KADMIRI : </b>Trésorier général </p>
<p><b>RITA LAICH : </b>Affaires générales </p>
<p><b>SALOUA BELARBI : </b>Développement </p>
<p><b>MUSTAPHA HILAL : </b>Production et infrastructures</p>
<p><b>MOHAMED ACHBAL :</b> Relations avec les autorités</p>
<p><b>JAMAL DERDARI :</b> Coordination technique</p>
<p><b>MOHCINE DAHMANI : </b>Relations avec les autorités</p>
<p><b>MOUNIA EL KHETTAR MOULINE : </b>Communication et presse</p>
<p><b>KHALID SAADAOUI :</b> Achats</p>
<p><b>SOUAD REGRAGUI :</b> Logistique</p>
<p><b>SEDDIK RHERISSI :</b> Contrôle d’accès</p>
<p><b>YOUNES DAHBI : </b>Comptabilité </p>
<p><b>AMINA ZIADI : </b>Assesseur</p>
<p>&nbsp;</p>
<h4>Comité artistique</h4>
<p><b>AMINE SAMI : </b>Conseiller artistique, chargé de la programmation marocaine, occidentale et africaine</p>
<p><b>MAHMOUD LEMSEFFER : </b>Conseiller artistique, chargé de la programmation orientale</p>
</div>
</div>
<p></p>

<p>Nos équipes &nbsp; ABDESLAM AHIZOUNE Président de Maroc Cultures Président du Festival Mawazine Rythmes du Monde &nbsp; AZIZ SEGHROUCHNI Président Délégué de Maroc Cultures &nbsp; Comité d’organisation de Mawazine HASSAN KHIYAR : Relations publiques NAOUFAL KADMIRI : Trésorier général  RITA LAICH : Affaires générales  SALOUA BELARBI : Développement  MUSTAPHA HILAL : Production et infrastructures MOHAMED [&hellip;]</p>
